{"id":163,"date":"2022-04-05T07:53:53","date_gmt":"2022-04-05T07:53:53","guid":{"rendered":"https:\/\/ninasofian.ro\/cursuri\/?page_id=163"},"modified":"2022-04-08T12:52:02","modified_gmt":"2022-04-08T12:52:02","slug":"cursuri-nina-sofian","status":"publish","type":"page","link":"https:\/\/ninasofian.ro\/cursuri\/","title":{"rendered":"Cursuri Nina Sofian"},"content":{"rendered":"\t\t<div data-elementor-type=\"wp-page\" data-elementor-id=\"163\" class=\"elementor elementor-163\">\n\t\t\t\t\t\t\t\t\t<section class=\"elementor-section elementor-top-section elementor-element elementor-element-382329f elementor-section-height-min-height elementor-section-boxed elementor-section-height-default elementor-section-items-middle\" data-id=\"382329f\" data-element_type=\"section\" data-settings=\"{&quot;background_background&quot;:&quot;classic&quot;}\">\n\t\t\t\t\t\t\t<div class=\"elementor-background-overlay\"><\/div>\n\t\t\t\t\t\t\t<div class=\"elementor-container elementor-column-gap-default\">\n\t\t\t\t\t<div class=\"elementor-column elementor-col-100 elementor-top-column elementor-element elementor-element-ed655f0\" data-id=\"ed655f0\" data-element_type=\"column\">\n\t\t\t<div class=\"elementor-widget-wrap elementor-element-populated\">\n\t\t\t\t\t\t\t\t<div class=\"elementor-element elementor-element-6db3a51 elementor-widget elementor-widget-heading\" data-id=\"6db3a51\" data-element_type=\"widget\" data-widget_type=\"heading.default\">\n\t\t\t\t<div class=\"elementor-widget-container\">\n\t\t\t<style>\/*! elementor - v3.11.1 - 15-02-2023 *\/\n.elementor-heading-title{padding:0;margin:0;line-height:1}.elementor-widget-heading .elementor-heading-title[class*=elementor-size-]>a{color:inherit;font-size:inherit;line-height:inherit}.elementor-widget-heading .elementor-heading-title.elementor-size-small{font-size:15px}.elementor-widget-heading .elementor-heading-title.elementor-size-medium{font-size:19px}.elementor-widget-heading .elementor-heading-title.elementor-size-large{font-size:29px}.elementor-widget-heading .elementor-heading-title.elementor-size-xl{font-size:39px}.elementor-widget-heading .elementor-heading-title.elementor-size-xxl{font-size:59px}<\/style><h2 class=\"elementor-heading-title elementor-size-default\">RESCRIE-\u021aI POVESTEA PERSONAL\u0102!<\/h2>\t\t<\/div>\n\t\t\t\t<\/div>\n\t\t\t\t<div class=\"elementor-element elementor-element-81d53b0 elementor-headline--style-rotate elementor-widget elementor-widget-animated-headline\" data-id=\"81d53b0\" data-element_type=\"widget\" data-settings=\"{&quot;headline_style&quot;:&quot;rotate&quot;,&quot;rotating_text&quot;:&quot;personal\\nrela\\u021bional\\nprofesional&quot;,&quot;rotate_iteration_delay&quot;:1000,&quot;animation_type&quot;:&quot;typing&quot;,&quot;loop&quot;:&quot;yes&quot;}\" data-widget_type=\"animated-headline.default\">\n\t\t\t\t<div class=\"elementor-widget-container\">\n\t\t\t<link rel=\"stylesheet\" href=\"https:\/\/ninasofian.ro\/cursuri\/wp-content\/plugins\/elementor-pro\/assets\/css\/widget-animated-headline.min.css\">\t\t<h3 class=\"elementor-headline elementor-headline-animation-type-typing elementor-headline-letters\">\n\t\t\t\t\t<span class=\"elementor-headline-plain-text elementor-headline-text-wrapper\">Vreau s\u0103 evoluez pe plan<\/span>\n\t\t\t\t<span class=\"elementor-headline-dynamic-wrapper elementor-headline-text-wrapper\">\n\t\t\t\t\t<span class=\"elementor-headline-dynamic-text elementor-headline-text-active\">\n\t\t\t\tpersonal\t\t\t<\/span>\n\t\t\t\t\t<span class=\"elementor-headline-dynamic-text\">\n\t\t\t\trela\u021bional\t\t\t<\/span>\n\t\t\t\t\t<span class=\"elementor-headline-dynamic-text\">\n\t\t\t\tprofesional\t\t\t<\/span>\n\t\t\t\t\t\t<\/span>\n\t\t\t\t<\/h3>\n\t\t\t\t<\/div>\n\t\t\t\t<\/div>\n\t\t\t\t\t<\/div>\n\t\t<\/div>\n\t\t\t\t\t\t\t<\/div>\n\t\t<\/section>\n\t\t\t\t<section class=\"elementor-section elementor-top-section elementor-element elementor-element-d4e6bbd elementor-section-boxed elementor-section-height-default elementor-section-height-default\" data-id=\"d4e6bbd\" data-element_type=\"section\">\n\t\t\t\t\t\t<div class=\"elementor-container elementor-column-gap-default\">\n\t\t\t\t\t<div class=\"elementor-column elementor-col-100 elementor-top-column elementor-element elementor-element-c0b3e74\" data-id=\"c0b3e74\" data-element_type=\"column\">\n\t\t\t<div class=\"elementor-widget-wrap elementor-element-populated\">\n\t\t\t\t\t\t\t\t<div class=\"elementor-element elementor-element-befca9c elementor-widget elementor-widget-shortcode\" data-id=\"befca9c\" data-element_type=\"widget\" data-widget_type=\"shortcode.default\">\n\t\t\t\t<div class=\"elementor-widget-container\">\n\t\t\t\t\t<div class=\"elementor-shortcode\"><div id=\"ld-course-list-content-2396cf8007f291ad9ec46b34a2c04e0b\" class=\"ld-course-list-content\" data-shortcode-atts=\"{&quot;course_tag&quot;:&quot;public&quot;}\">\n\t\t\t<div class=\"ld-course-list-items row\">\n\t<!-- LearnDash Course Grid v1 --><div class=\"ld_course_grid col-sm-8 col-md-4 \">\n\t<article id=\"post-9\" class=\" thumbnail course post-9 sfwd-courses type-sfwd-courses status-publish has-post-thumbnail hentry ld_course_category-tipare-mentale ld_course_tag-public\">\n\t\t\t\t\t\t\t\t<div class=\"ribbon\">\n\t\t\t\t49 Lei\t\t\t<\/div>\n\t\t\t\n\t\t\t\t\t\t<a href=\"https:\/\/ninasofian.ro\/cursuri\/courses\/relatii-implinite-dincolo-de-frica-de-abandon\/\" rel=\"bookmark\">\n\t\t\t\t<img loading=\"lazy\" decoding=\"async\" width=\"300\" height=\"200\" src=\"https:\/\/ninasofian.ro\/cursuri\/wp-content\/uploads\/2021\/10\/image002-300x200.jpg\" class=\"attachment-medium size-medium wp-post-image\" alt=\"\" srcset=\"https:\/\/ninasofian.ro\/cursuri\/wp-content\/uploads\/2021\/10\/image002-300x200.jpg 300w, https:\/\/ninasofian.ro\/cursuri\/wp-content\/uploads\/2021\/10\/image002-1024x682.jpg 1024w, https:\/\/ninasofian.ro\/cursuri\/wp-content\/uploads\/2021\/10\/image002-768x512.jpg 768w, https:\/\/ninasofian.ro\/cursuri\/wp-content\/uploads\/2021\/10\/image002.jpg 1430w\" sizes=\"auto, (max-width: 300px) 100vw, 300px\" \/>\t\t\t<\/a>\n\t\t\t\t\t\n\t\t\t\t\t<div class=\"caption\">\n\t\t\t\t<h3 class=\"entry-title\">Rela\u021bii \u00eemplinite dincolo de frica de abandon<\/h3>\n\t\t\t\t\t\t\t\t<div class=\"entry-content\"><p>\u00cen acest curs vei g\u0103\u0219i solu\u021bii practice pentru a transforma \u0219i rescrie experien\u021bele dureroase legate de tiparul de abandon.<\/p>\n<\/div>\n\t\t\t\t\t\t\t\t<div class=\"ld_course_grid_button\"><a class=\"btn btn-primary\" role=\"button\" href=\"https:\/\/ninasofian.ro\/cursuri\/courses\/relatii-implinite-dincolo-de-frica-de-abandon\/\" rel=\"bookmark\">Enroll Now<\/a><\/div>\n\t\t\t\t\t\t\t<\/div><!-- .entry-header -->\n\t\t\t<\/article><!-- #post-## -->\n<\/div><!-- .ld_course_grid -->\n\t<\/div>\n\t\t\t<\/div>\n\t\t<\/div>\n\t\t\t\t<\/div>\n\t\t\t\t<\/div>\n\t\t\t\t\t<\/div>\n\t\t<\/div>\n\t\t\t\t\t\t\t<\/div>\n\t\t<\/section>\n\t\t\t\t<section class=\"elementor-section elementor-top-section elementor-element elementor-element-57750fa elementor-section-boxed elementor-section-height-default elementor-section-height-default\" data-id=\"57750fa\" data-element_type=\"section\" data-settings=\"{&quot;background_background&quot;:&quot;classic&quot;}\">\n\t\t\t\t\t\t\t<div class=\"elementor-background-overlay\"><\/div>\n\t\t\t\t\t\t\t<div class=\"elementor-container elementor-column-gap-default\">\n\t\t\t\t\t<div class=\"elementor-column elementor-col-100 elementor-top-column elementor-element elementor-element-9f82485\" data-id=\"9f82485\" data-element_type=\"column\">\n\t\t\t<div class=\"elementor-widget-wrap elementor-element-populated\">\n\t\t\t\t\t\t\t\t<section class=\"elementor-section elementor-inner-section elementor-element elementor-element-efc0942 elementor-section-boxed elementor-section-height-default elementor-section-height-default\" data-id=\"efc0942\" data-element_type=\"section\">\n\t\t\t\t\t\t<div class=\"elementor-container elementor-column-gap-default\">\n\t\t\t\t\t<div class=\"elementor-column elementor-col-50 elementor-inner-column elementor-element elementor-element-d979d7c\" data-id=\"d979d7c\" data-element_type=\"column\">\n\t\t\t<div class=\"elementor-widget-wrap elementor-element-populated\">\n\t\t\t\t\t\t\t\t<div class=\"elementor-element elementor-element-83075bd elementor-widget elementor-widget-heading\" data-id=\"83075bd\" data-element_type=\"widget\" data-widget_type=\"heading.default\">\n\t\t\t\t<div class=\"elementor-widget-container\">\n\t\t\t<h2 class=\"elementor-heading-title elementor-size-default\">Nina Sofian, Psiholog \u0219i Coach<\/h2>\t\t<\/div>\n\t\t\t\t<\/div>\n\t\t\t\t<div class=\"elementor-element elementor-element-a5390f9 elementor-widget elementor-widget-text-editor\" data-id=\"a5390f9\" data-element_type=\"widget\" data-widget_type=\"text-editor.default\">\n\t\t\t\t<div class=\"elementor-widget-container\">\n\t\t\t<style>\/*! elementor - v3.11.1 - 15-02-2023 *\/\n.elementor-widget-text-editor.elementor-drop-cap-view-stacked .elementor-drop-cap{background-color:#818a91;color:#fff}.elementor-widget-text-editor.elementor-drop-cap-view-framed .elementor-drop-cap{color:#818a91;border:3px solid;background-color:transparent}.elementor-widget-text-editor:not(.elementor-drop-cap-view-default) .elementor-drop-cap{margin-top:8px}.elementor-widget-text-editor:not(.elementor-drop-cap-view-default) .elementor-drop-cap-letter{width:1em;height:1em}.elementor-widget-text-editor .elementor-drop-cap{float:left;text-align:center;line-height:1;font-size:50px}.elementor-widget-text-editor .elementor-drop-cap-letter{display:inline-block}<\/style>\t\t\t\t<p>\u0218tiu c\u0103 atunci c\u00e2nd suntem preocupa\u021bi de provoc\u0103rile profesionale, de parenting sau din rela\u021bia de cuplu, \u00een via\u021ba noastr\u0103 apare \u0219i oportunitatea de a descoperi cine suntem cu adev\u0103rat \u0219i devenim capabili s\u0103 abord\u0103m provoc\u0103rile de la un nou nivel. Pentru a ne cunoa\u0219te \u0219i a accesa acest nivel, avem nevoie de claritate.<\/p><p>\u00cen interiorul fiec\u0103ruia dintre noi exist\u0103 o viziune unic\u0103 care abia a\u0219teapt\u0103 s\u0103 fie adus\u0103 \u00een lumea material\u0103. Ca Psiholog \u0219i Coach, sunt aici pentru a crea o cale de acces c\u0103tre curajul de a privi la limit\u0103rile cu care ne confrunt\u0103m \u0219i c\u0103tre aceast\u0103 nou\u0103 viziune.<\/p>\t\t\t\t\t\t<\/div>\n\t\t\t\t<\/div>\n\t\t\t\t\t<\/div>\n\t\t<\/div>\n\t\t\t\t<div class=\"elementor-column elementor-col-50 elementor-inner-column elementor-element elementor-element-c49481e\" data-id=\"c49481e\" data-element_type=\"column\">\n\t\t\t<div class=\"elementor-widget-wrap elementor-element-populated\">\n\t\t\t\t\t\t\t\t<div class=\"elementor-element elementor-element-cf621e2 elementor-widget elementor-widget-video\" data-id=\"cf621e2\" data-element_type=\"widget\" data-settings=\"{&quot;video_type&quot;:&quot;hosted&quot;,&quot;controls&quot;:&quot;yes&quot;}\" data-widget_type=\"video.default\">\n\t\t\t\t<div class=\"elementor-widget-container\">\n\t\t\t<style>\/*! elementor - v3.11.1 - 15-02-2023 *\/\n.elementor-widget-video .elementor-widget-container{overflow:hidden;transform:translateZ(0)}.elementor-widget-video .elementor-wrapper iframe,.elementor-widget-video .elementor-wrapper video{height:100%;width:100%;border:none;background-color:#000}.elementor-widget-video .elementor-open-inline .elementor-custom-embed-image-overlay{position:absolute;top:0;left:0;width:100%;height:100%;background-size:cover;background-position:50%}.elementor-widget-video .elementor-custom-embed-image-overlay{cursor:pointer;text-align:center}.elementor-widget-video .elementor-custom-embed-image-overlay:hover .elementor-custom-embed-play i{opacity:1}.elementor-widget-video .elementor-custom-embed-image-overlay img{display:block;width:100%}.elementor-widget-video .e-hosted-video .elementor-video{-o-object-fit:cover;object-fit:cover}.e-con-inner>.elementor-widget-video,.e-con>.elementor-widget-video{width:var(--container-widget-width);--flex-grow:var(--container-widget-flex-grow)}<\/style>\t\t<div class=\"e-hosted-video elementor-wrapper elementor-open-inline\">\n\t\t\t\t\t<video class=\"elementor-video\" src=\"https:\/\/ninasofian.ro\/cursuri\/wp-content\/uploads\/2022\/04\/Micsorat-Schimbarea-face-parte-din-viata-noastra.mp4\" controls=\"\" preload=\"metadata\" controlsList=\"nodownload\" poster=\"https:\/\/ninasofian.ro\/cursuri\/wp-content\/uploads\/2022\/04\/poster-video.jpg\"><\/video>\n\t\t\t\t<\/div>\n\t\t\t\t<\/div>\n\t\t\t\t<\/div>\n\t\t\t\t\t<\/div>\n\t\t<\/div>\n\t\t\t\t\t\t\t<\/div>\n\t\t<\/section>\n\t\t\t\t\t<\/div>\n\t\t<\/div>\n\t\t\t\t\t\t\t<\/div>\n\t\t<\/section>\n\t\t\t\t\t\t\t<\/div>\n\t\t","protected":false},"excerpt":{"rendered":"<p>RESCRIE-\u021aI POVESTEA PERSONAL\u0102! Vreau s\u0103 evoluez pe plan personal rela\u021bional profesional Nina Sofian, Psiholog \u0219i Coach \u0218tiu c\u0103 atunci c\u00e2nd suntem preocupa\u021bi de provoc\u0103rile profesionale, de parenting sau din rela\u021bia de cuplu, \u00een via\u021ba noastr\u0103 apare \u0219i oportunitatea de a descoperi cine suntem cu adev\u0103rat \u0219i devenim capabili s\u0103 abord\u0103m provoc\u0103rile de la un nou &hellip;<\/p>\n<p class=\"read-more\"> <a class=\"\" href=\"https:\/\/ninasofian.ro\/cursuri\/\"> <span class=\"screen-reader-text\">Cursuri Nina Sofian<\/span> Read More &raquo;<\/a><\/p>\n","protected":false},"author":52,"featured_media":0,"parent":0,"menu_order":0,"comment_status":"closed","ping_status":"closed","template":"elementor_header_footer","meta":{"site-sidebar-layout":"no-sidebar","site-content-layout":"page-builder","ast-main-header-display":"","ast-hfb-above-header-display":"","ast-hfb-below-header-display":"","ast-hfb-mobile-header-display":"","site-post-title":"disabled","ast-breadcrumbs-content":"","ast-featured-img":"disabled","footer-sml-layout":"","theme-transparent-header-meta":"","adv-header-id-meta":"","stick-header-meta":"","header-above-stick-meta":"","header-main-stick-meta":"","header-below-stick-meta":"","footnotes":""},"class_list":["post-163","page","type-page","status-publish","hentry"],"_links":{"self":[{"href":"https:\/\/ninasofian.ro\/cursuri\/wp-json\/wp\/v2\/pages\/163","targetHints":{"allow":["GET"]}}],"collection":[{"href":"https:\/\/ninasofian.ro\/cursuri\/wp-json\/wp\/v2\/pages"}],"about":[{"href":"https:\/\/ninasofian.ro\/cursuri\/wp-json\/wp\/v2\/types\/page"}],"author":[{"embeddable":true,"href":"https:\/\/ninasofian.ro\/cursuri\/wp-json\/wp\/v2\/users\/52"}],"replies":[{"embeddable":true,"href":"https:\/\/ninasofian.ro\/cursuri\/wp-json\/wp\/v2\/comments?post=163"}],"version-history":[{"count":82,"href":"https:\/\/ninasofian.ro\/cursuri\/wp-json\/wp\/v2\/pages\/163\/revisions"}],"predecessor-version":[{"id":294,"href":"https:\/\/ninasofian.ro\/cursuri\/wp-json\/wp\/v2\/pages\/163\/revisions\/294"}],"wp:attachment":[{"href":"https:\/\/ninasofian.ro\/cursuri\/wp-json\/wp\/v2\/media?parent=163"}],"curies":[{"name":"wp","href":"https:\/\/api.w.org\/{rel}","templated":true}]}}